t t = s - 105. Let b be 3/(-1 + (-6)/(-4)). Calculate the greatest common factor of b and t.
6
Suppose -450 = -4*t - t. Calculate the greatest common factor of 60 and t.
30
Let g be (0 - 9)*(-18)/54. Calculate the greatest common factor of 12 and g.
3
Suppose -17*u = -6*u - 462. Calculate the highest common divisor of u and 21.
21
Suppose 24 = -0*x + 3*x. Let n(p) = p + 5. Let r be n(-4). Calculate the highest common divisor of r and x.
1
Let l be 1 + 132/2 + -3. Let d(m) = 2*m**2 - 8*m + 6. Let x = -9 + 14. Let j be d(x). What is the highest common divisor of l and j?
16
Let c(m) = 3*m + 6. Let a be c(4). What is the greatest common factor of 198 and a?
18
Let y = 92 - 85. What is the highest common divisor of 119 and y?
7
Let h = 15 - 12. Suppose -x + 8 = h*x. Calculate the greatest common factor of x and 2.
2
Let q = -11 + 16. Let y be (1 - 2)*(0 - 9). Let m be (-4)/(-18) + 133/y. What is the highest common divisor of m and q?
5
Suppose -4*w + 5 = 3*l - 6*w, -20 = -4*w. Suppose 8 = l*h + 3. Calculate the greatest common divisor of h and 3.
1
Let x = 60 + -128. Let m be x/8 - (-6)/4. Let y = 0 - m. Calculate the greatest common factor of y and 35.
7
Let s = 63 + -39. What is the highest common factor of s and 72?
24
Suppose 3*a = 4*x + 274 + 150, 5*a + 4*x = 664. What is the highest common divisor of 17 and a?
17
Let h(i) = 3*i**2 - 2*i. Suppose -4*x - 14 = -3*d - 5*x, -d + x - 2 = 0. Let o be d/15 + 18/10. Let b be h(o). What is the greatest common factor of 12 and b?
4
Suppose 2*b - 2*x + 265 = 7*b, -2*b - 3*x = -95. Suppose b = 3*t + 10. Let g(l) = -l + 4. Let v be g(-6). What is the greatest common factor of v and t?
5
Let z(k) = 2*k**3 + 3*k**2 - 4*k + 3. Let r be z(3). Let g = 29 - 17. What is the greatest common factor of r and g?
12
Suppose -7*y = -2*y - 4*l - 147, 0 = 2*y - l - 57. Calculate the highest common divisor of 216 and y.
27
Suppose 2 = 2*j, -5*j = b - 8*j + 3. Suppose 19 = -b*o + o. Suppose 0 = -2*m + 211 - o. What is the greatest common divisor of 12 and m?
12
Suppose 5*l + 18 = b, -4*b + 0*l + l + 15 = 0. Let k be 36/(b*(-2)/(-33)). Suppose -91 + 37 = -3*q. Calculate the highest common factor of k and q.
18
Let i(q) = q**2 - q + 85. Let t be i(0). Suppose -6*u + t = -u. What is the highest common divisor of u and 153?
17
Let l(a) = 6*a**3 - 2*a**2 + 3*a - 1. Let p be (3*1)/(39/26). Let k be l(p). Calculate the highest common divisor of 30 and k.
15
Suppose -h = -5*l - 11 + 30, -4*l = -3*h - 13. Let m(u) = -27*u**3 + u**2 - 1. Let r be m(h). Let q = r + 45. What is the greatest common factor of 90 and q?
18
Let n(y) = y - 4. Let t be n(7). Let r be (-1)/2*(-12)/2. Suppose 4*d + 2*o = r*o + 47, 0 = t*d - 3*o - 42. What is the greatest common factor of d and 121?
11
Suppose 2 + 13 = 3*c. Suppose 0 = 98*v - 100*v + 50. Calculate the highest common factor of c and v.
5
Let a = 24 + 3. Calculate the greatest common factor of 27 and a.
27
Let b = 37 - 7. Suppose 5*v - 13 = -2*c + 2*v, -4*c = -4*v - 76. Let t(g) = -g**2 + 16*g - 16. Let o be t(c). Calculate the highest common divisor of b and o.
6
Suppose -5*z = -1179 + 379. What is the greatest common divisor of z and 20?
20
Let n = 7 - 21. Let k = n - -6. Let q(r) = r + 16. Let o be q(k). Calculate the greatest common factor of 8 and o.
8
Let t be 2 + 0 + -2 - -14. Let g(k) = 7*k**3 - 2*k**2 + k + 1. Let z be g(-2). Let m = 93 + z. What is the greatest common factor of m and t?
14
Let k be (-1)/(-2)*-2*-15. Calculate the greatest common divisor of 15 and k.
15
Suppose -6 = -2*f - f. Let p be 6/5 + f/(-10). Calculate the greatest common divisor of p and 11.
1
Let g(u) = 6*u**2 + 7*u + 30. Let n be g(-7). What is the highest common factor of 11 and n?
11
Suppose -6 = -2*h, -l + 4*l - 5*h = 135. What is the highest common divisor of l and 10?
10
Let w(z) = -z - 5. Let l(o) = -2*o - 4. Let g(f) = -4*l(f) + 3*w(f). Let i be g(6). Suppose -i - 39 = -5*u. What is the highest common divisor of u and 14?
14
Let b(o) = -o**3 + 2*o. Let u be b(-2). What is the highest common divisor of u and 4?
4
Let n = -14 + 14. Suppose n = q + 2*q - 54. Calculate the highest common factor of 162 and q.
18
Let u be (-1)/2 + 4/((-16)/(-1142)). What is the highest common factor of u and 19?
19
Suppose -3*c - 6 + 21 = 0. Suppose -4*v + 5*z + 7 = 0, -5*v + 3*v - c*z + 41 = 0. Calculate the greatest common divisor of v and 64.
8
Suppose -4*j - 2*v + 158 - 34 = 0, -j + v + 37 = 0. What is the highest common divisor of 11 and j?
11
Suppose -40 = -0*o - o. Let z = -11 + 16. Calculate the greatest common divisor of o and z.
5
Let x(k) = 26*k. Let b be x(-1). Let u = b - -37. Calculate the greatest common divisor of u and 33.
11
Let g be 13/(-2)*100/(-5). Let r be (-1)/4 - 164/(-16). Let w be (-8)/r*(-67 + 2). Calculate the highest common factor of w and g.
26
Let b = 1 - -7. Calculate the highest common factor of b and 64.
8
Let v = -7 - -31. Let d be (4/8)/(2/v). What is the highest common divisor of d and 24?
6
Let c(x) = 5*x**2 + 3. Let h be c(-3). Calculate the highest common factor of h and 12.
12
Suppose 0 = -17*o + 18*o - 45. What is the greatest common factor of 9 and o?
9
Let m be 6/(-4)*(-136)/6. Let k = -16 + m. What is the greatest common divisor of 72 and k?
18
Suppose -3*b + 135 = 2*b + 2*d, 4*b - d = 108. What is the highest common divisor of 3 and b?
3
Let b(y) = y**2 - y - 5. Let x be b(5). Suppose 3*q - 2*m = -5, 3*m - 4 = 5*q + 4. Let l be (-4 + q)*(-6)/5. What is the greatest common divisor of x and l?
3
Suppose 6*t - 8*t = -76. What is the greatest common divisor of 19 and t?
19
Suppose 8 = -t + 3*r, 2*t + 9 = -4*r + 33. Let a = -79 - -128. Suppose 0*c + a = c + 5*x, 4*c = t*x + 268. Calculate the greatest common factor of 16 and c.
16
Let v be 0 + 3/((-9)/(-336)). Suppose a + 13 = v. Let z(b) = -11*b**3 - b**2 - 2*b - 1. Let j be z(-1). Calculate the greatest common divisor of j and a.
11
Let d be ((-19)/3)/(4/(-60)). Let t be (-930)/(-5) - (1 + -1). Let n = t - d. What is the greatest common factor of 13 and n?
13
Let c = 52 + 83. Calculate the greatest common factor of c and 15.
15
Suppose 4*d = -5*w + 91, 2*w - 3*d = -0*d + 41. Calculate the greatest common divisor of 57 and w.
19
Let x = -91 + 133. Let s = x - 24. Calculate the greatest common divisor of s and 9.
9
Suppose 0 = -0*p - p - 1. Let s be (p/(-2))/(1/6). Let x be (12/15)/(s/75). Calculate the greatest common divisor of 20 and x.
20
Let y be ((-3)/(-2))/(12/24). What is the greatest common factor of 3 and y?
3
Let k = 48 + -24. What is the highest common factor of k and 216?
24
Suppose -t = 10 - 40. Suppose 0*i - 6*i = -t. Calculate the highest common factor of 55 and i.
5
Suppose 8*q - 270 + 86 = 0. What is the greatest common divisor of q and 46?
23
Suppose 5*z + 0*z - 24 = 3*k, -4*z + 26 = k. Let o(i) = 3*i**2 + 5*i - 2. Let t be o(-5). Calculate the highest common factor of z and t.
6
Let f be (3/2)/(-3) - 456/(-16). What is the greatest common divisor of f and 56?
28
Suppose -m = -2*m + 3*w - 11, -4*m - 4 = -2*w. Suppose 13 - m = 3*o + 3*t, 5*t = 2*o - 22. What is the greatest common divisor of 30 and o?
6
Let k(o) = 17*o**2 - o + 2. Let i be k(-2). What is the highest common divisor of 12 and i?
12
Let p(g) = -g**3 + 10*g**2 - 9*g + 10. Let v be p(9). Calculate the greatest common factor of 50 and v.
10
Let o(v) = -8*v**3 + v**2 + v. Let i be o(-1). Let b(s) = 0 + 1 + i*s**2 - s + 0. Let u be b(-2). What is the greatest common divisor of 7 and u?
7
Suppose -h + 92 = -5*h. Let v be (h + -7)*(0 + -2). Let j = 44 - 20. Calculate the greatest common divisor of v and j.
12
Let z = 41 - -1. Suppose -4*g + z = -6. Let n be (17 - 3)*(-18)/(-21). What is the highest common factor of n and g?
12
Let z(h) = -h + 18. Let g be z(0). Let p = -187 - -277. Calculate the greatest common factor of p and g.
18
Let h be -6*3/(6/(-5)). Let i = 28 - h. What is the highest common divisor of 39 and i?
13
Let h(v) = -2*v**3 + 2*v**2 + v. Let m be h(-3). What is the greatest common factor of m and 23?
23
Suppose -4*x - 2 = -2*x. Let j be ((-12)/(-8))/(x/(-16)). Calculate the greatest common divisor of j and 6.
6
Let l(v) = -7*v**2 - 8*v - 2. Let y(a) = -2*a**2 - 3*a - 1. Let k(z) = -4*l(z) + 11*y(z). Let q be k(3). What is the highest comm